{"id":5086,"date":"2022-11-28T10:11:50","date_gmt":"2022-11-28T10:11:50","guid":{"rendered":"https:\/\/demo2.cloudwp.dev\/trial-0tt28w63\/?page_id=5086"},"modified":"2022-12-02T13:18:22","modified_gmt":"2022-12-02T13:18:22","slug":"new-fr-tour-de-france","status":"publish","type":"page","link":"https:\/\/saintseverdespyrenees.com\/?page_id=5086","title":{"rendered":"(new) (FR) Tour de France"},"content":{"rendered":"\t\t<div data-elementor-type=\"wp-page\" data-elementor-id=\"5086\" class=\"elementor elementor-5086\">\n\t\t\t\t\t\t<section class=\"elementor-section elementor-top-section elementor-element elementor-element-i9lupce elementor-section-content-middle elementor-section-height-min-height elementor-section-boxed elementor-section-height-default elementor-section-items-middle wpr-particle-no wpr-jarallax-no wpr-parallax-no wpr-sticky-section-no wpr-equal-height-no\" data-id=\"i9lupce\" data-element_type=\"section\" data-e-type=\"section\" data-settings=\"{&quot;background_background&quot;:&quot;classic&quot;}\">\n\t\t\t\t\t\t\t<div class=\"elementor-background-overlay\"><\/div>\n\t\t\t\t\t\t\t<div class=\"elementor-container elementor-column-gap-default\">\n\t\t\t\t\t<div class=\"elementor-column elementor-col-100 elementor-top-column elementor-element elementor-element-6ed6cac\" data-id=\"6ed6cac\" data-element_type=\"column\" data-e-type=\"column\">\n\t\t\t<div class=\"elementor-widget-wrap elementor-element-populated\">\n\t\t\t\t\t\t<div class=\"elementor-element elementor-element-285c924 elementor-widget elementor-widget-heading\" data-id=\"285c924\" data-element_type=\"widget\" data-e-type=\"widget\" data-widget_type=\"heading.default\">\n\t\t\t\t<div class=\"elementor-widget-container\">\n\t\t\t\t\t<h1 class=\"elementor-heading-title elementor-size-default\">Le Tour de France\n<\/h1>\t\t\t\t<\/div>\n\t\t\t\t<\/div>\n\t\t\t\t\t<\/div>\n\t\t<\/div>\n\t\t\t\t\t<\/div>\n\t\t<\/section>\n\t\t\t\t<section class=\"elementor-section elementor-top-section elementor-element elementor-element-qh7fmgk elementor-section-height-min-height elementor-section-boxed elementor-section-height-default elementor-section-items-middle wpr-particle-no wpr-jarallax-no wpr-parallax-no wpr-sticky-section-no wpr-equal-height-no\" data-id=\"qh7fmgk\" data-element_type=\"section\" data-e-type=\"section\">\n\t\t\t\t\t\t<div class=\"elementor-container elementor-column-gap-default\">\n\t\t\t\t\t<div class=\"elementor-column elementor-col-100 elementor-top-column elementor-element elementor-element-827726c\" data-id=\"827726c\" data-element_type=\"column\" data-e-type=\"column\">\n\t\t\t<div class=\"elementor-widget-wrap elementor-element-populated\">\n\t\t\t\t\t\t<div class=\"elementor-element elementor-element-64c0bdc elementor-widget elementor-widget-heading\" data-id=\"64c0bdc\" data-element_type=\"widget\" data-e-type=\"widget\" data-widget_type=\"heading.default\">\n\t\t\t\t<div class=\"elementor-widget-container\">\n\t\t\t\t\t<h2 class=\"elementor-heading-title elementor-size-default\">Le Tour de France dans les Pyr\u00e9n\u00e9es\n<\/h2>\t\t\t\t<\/div>\n\t\t\t\t<\/div>\n\t\t\t\t<div class=\"elementor-element elementor-element-62c257c elementor-widget elementor-widget-text-editor\" data-id=\"62c257c\" data-element_type=\"widget\" data-e-type=\"widget\" data-widget_type=\"text-editor.default\">\n\t\t\t\t<div class=\"elementor-widget-container\">\n\t\t\t\t\t\t\t\t\t<p>Le Tour de France est la course de v\u00e9lo la plus c\u00e9l\u00e8bre, la plus difficile et la plus controvers\u00e9e au monde. Il se d\u00e9roule sur 23 jours et couvre plus de 3 000 km. Chaque ann\u00e9e, la course suit un parcours diff\u00e9rent, mais l\u2019arriv\u00e9e se fait toujours \u00e0 Paris avec un magnifique sprint sur les Champs-\u00c9lys\u00e9es. Mais ce qui est vraiment g\u00e9nial, c\u2019est que le Tour de France vient presque toujours pr\u00e8s de notre coin de pays \u2013 en 2018, la sp\u00e9ciale des Pyr\u00e9n\u00e9es a d\u00e9but\u00e9 \u00e0 Trie-sur-Ba\u00efse, \u00e0 seulement 15 km, dont la population a augment\u00e9 de 1200 \u00e0 20 000 personnes pendant 24 heures \u2013 une atmosph\u00e8re fabuleuse pour les amateurs de cyclisme du monde entier!<\/p>\t\t\t\t\t\t\t\t<\/div>\n\t\t\t\t<\/div>\n\t\t\t\t\t<\/div>\n\t\t<\/div>\n\t\t\t\t\t<\/div>\n\t\t<\/section>\n\t\t\t\t<section class=\"elementor-section elementor-top-section elementor-element elementor-element-c6a1d50 elementor-section-boxed elementor-section-height-default elementor-section-height-default wpr-particle-no wpr-jarallax-no wpr-parallax-no wpr-sticky-section-no wpr-equal-height-no\" data-id=\"c6a1d50\" data-element_type=\"section\" data-e-type=\"section\">\n\t\t\t\t\t\t<div class=\"elementor-container elementor-column-gap-default\">\n\t\t\t\t\t<div class=\"elementor-column elementor-col-50 elementor-top-column elementor-element elementor-element-46a1ba8\" data-id=\"46a1ba8\" data-element_type=\"column\" data-e-type=\"column\">\n\t\t\t<div class=\"elementor-widget-wrap elementor-element-populated\">\n\t\t\t\t\t\t<div class=\"elementor-element elementor-element-5cd7dfd elementor-widget elementor-widget-text-editor\" data-id=\"5cd7dfd\" data-element_type=\"widget\" data-e-type=\"widget\" data-widget_type=\"text-editor.default\">\n\t\t\t\t<div class=\"elementor-widget-container\">\n\t\t\t\t\t\t\t\t\t<p>Bien que nomm\u00e9e Tour de France, la course s\u2019aventure parfois dans d\u2019autres pays tels que la Belgique, l\u2019Italie et l\u2019Espagne. Les ann\u00e9es pr\u00e9c\u00e9dentes, des \u00e9tapes avaient \u00e9t\u00e9 organis\u00e9es en Grande-Bretagne. Pour 2018 cependant, \u00e0 l\u2019exception d\u2019une courte visite d\u2019environ 15 kilom\u00e8tres en Espagne lors de l\u2019\u00e9tape 16, le 105\u00e8me Tour de France n\u2019a pas quitt\u00e9 les fronti\u00e8res de la France. Les cyclistes ont parcouru 36 d\u00e9partements (l\u2019\u00e9quivalent des comt\u00e9s du Royaume-Uni).<\/p><p>Chaque jour de la course est appel\u00e9 \u00ab\u00e9tape\u00bb et les \u00e9tapes peuvent durer jusqu\u2019\u00e0 six heures. \u00c0 la fin de chaque journ\u00e9e, le coureur qui franchit la ligne d\u2019arriv\u00e9e en premier est le \u00abvainqueur de l\u2019\u00e9tape\u00bb et monte sur le podium. Au total, il y a 21 \u00e9tapes sur 23 jours, de sorte que les coureurs ne disposent que de deux jours de repos sur toute la course! Le coureur principal porte le maillot jaune.<\/p><p>Chaque ann\u00e9e, un certain nombre d\u2019\u00e9tapes du Tour passent \u00e0 moins d\u2019une heure de route de Saint-Sever-des-Pyr\u00e9n\u00e9es: venez rester avec nous et obtenez votre dose annuel du Tour de France!<\/p>\t\t\t\t\t\t\t\t<\/div>\n\t\t\t\t<\/div>\n\t\t\t\t\t<\/div>\n\t\t<\/div>\n\t\t\t\t<div class=\"elementor-column elementor-col-50 elementor-top-column elementor-element elementor-element-961231a\" data-id=\"961231a\" data-element_type=\"column\" data-e-type=\"column\">\n\t\t\t<div class=\"elementor-widget-wrap elementor-element-populated\">\n\t\t\t\t\t\t<div class=\"elementor-element elementor-element-a5a9f4a elementor-widget elementor-widget-image\" data-id=\"a5a9f4a\" data-element_type=\"widget\" data-e-type=\"widget\" data-widget_type=\"image.default\">\n\t\t\t\t<div class=\"elementor-widget-container\">\n\t\t\t\t\t\t\t\t\t\t\t\t\t\t\t<img decoding=\"async\" src=\"https:\/\/demo2.cloudwp.dev\/trial-0tt28w63\/wp-content\/uploads\/2022\/11\/Tour-de-France-14.jpg\" title=\"\" alt=\"\" loading=\"lazy\" \/>\t\t\t\t\t\t\t\t\t\t\t\t\t\t\t<\/div>\n\t\t\t\t<\/div>\n\t\t\t\t\t<\/div>\n\t\t<\/div>\n\t\t\t\t\t<\/div>\n\t\t<\/section>\n\t\t\t\t<\/div>\n\t\t","protected":false},"excerpt":{"rendered":"<p>Le Tour de France Le Tour de France dans les Pyr\u00e9n\u00e9es Le Tour de France est la course de v\u00e9lo la plus c\u00e9l\u00e8bre, la plus difficile et la plus controvers\u00e9e au monde. Il se d\u00e9roule sur 23 jours et couvre plus de 3 000 km. Chaque ann\u00e9e, la course suit un parcours diff\u00e9rent, mais l\u2019arriv\u00e9e se fait toujours \u00e0 Paris avec un magnifique sprint sur les Champs-\u00c9lys\u00e9es. Mais ce qui est vraiment g\u00e9nial, c\u2019est que le Tour de France vient presque toujours pr\u00e8s de notre coin de pays \u2013 en 2018, la sp\u00e9ciale des Pyr\u00e9n\u00e9es a d\u00e9but\u00e9 \u00e0 Trie-sur-Ba\u00efse, \u00e0 seulement 15 km, dont la population a augment\u00e9 de 1200 \u00e0 20 000 personnes pendant 24 heures \u2013 une atmosph\u00e8re fabuleuse pour les amateurs de cyclisme du monde entier! Bien que nomm\u00e9e Tour de France, la course s\u2019aventure parfois dans d\u2019autres pays tels que la Belgique, l\u2019Italie et l\u2019Espagne. Les ann\u00e9es pr\u00e9c\u00e9dentes, des \u00e9tapes avaient \u00e9t\u00e9 organis\u00e9es en Grande-Bretagne. Pour 2018 cependant, \u00e0 l\u2019exception d\u2019une courte visite d\u2019environ 15 kilom\u00e8tres en Espagne lors de l\u2019\u00e9tape 16, le 105\u00e8me Tour de France n\u2019a pas quitt\u00e9 les fronti\u00e8res de la France. Les cyclistes ont parcouru 36 d\u00e9partements (l\u2019\u00e9quivalent des comt\u00e9s du Royaume-Uni). Chaque jour de la course est appel\u00e9 \u00ab\u00e9tape\u00bb et les \u00e9tapes peuvent durer jusqu\u2019\u00e0 six heures. \u00c0 la fin de chaque journ\u00e9e, le coureur qui franchit la ligne d\u2019arriv\u00e9e en premier est le \u00abvainqueur de l\u2019\u00e9tape\u00bb et monte sur le podium. Au total, il y a 21 \u00e9tapes sur 23 jours, de sorte que les coureurs ne disposent que de deux jours de repos sur toute la course! Le coureur principal porte le maillot jaune. Chaque ann\u00e9e, un certain nombre d\u2019\u00e9tapes du Tour passent \u00e0 moins d\u2019une heure de route de Saint-Sever-des-Pyr\u00e9n\u00e9es: venez rester avec nous et obtenez votre dose annuel du Tour de France!<\/p>\n","protected":false},"author":1,"featured_media":0,"parent":0,"menu_order":0,"comment_status":"closed","ping_status":"closed","template":"","meta":{"footnotes":""},"class_list":["post-5086","page","type-page","status-publish","hentry"],"_links":{"self":[{"href":"https:\/\/saintseverdespyrenees.com\/index.php?rest_route=\/wp\/v2\/pages\/5086","targetHints":{"allow":["GET"]}}],"collection":[{"href":"https:\/\/saintseverdespyrenees.com\/index.php?rest_route=\/wp\/v2\/pages"}],"about":[{"href":"https:\/\/saintseverdespyrenees.com\/index.php?rest_route=\/wp\/v2\/types\/page"}],"author":[{"embeddable":true,"href":"https:\/\/saintseverdespyrenees.com\/index.php?rest_route=\/wp\/v2\/users\/1"}],"replies":[{"embeddable":true,"href":"https:\/\/saintseverdespyrenees.com\/index.php?rest_route=%2Fwp%2Fv2%2Fcomments&post=5086"}],"version-history":[{"count":1,"href":"https:\/\/saintseverdespyrenees.com\/index.php?rest_route=\/wp\/v2\/pages\/5086\/revisions"}],"predecessor-version":[{"id":5434,"href":"https:\/\/saintseverdespyrenees.com\/index.php?rest_route=\/wp\/v2\/pages\/5086\/revisions\/5434"}],"wp:attachment":[{"href":"https:\/\/saintseverdespyrenees.com\/index.php?rest_route=%2Fwp%2Fv2%2Fmedia&parent=5086"}],"curies":[{"name":"wp","href":"https:\/\/api.w.org\/{rel}","templated":true}]}}

<div data-elementor-type="wp-page" data-elementor-id="5086" class="elementor elementor-5086">
						<section class="elementor-section elementor-top-section elementor-element elementor-element-i9lupce elementor-section-content-middle elementor-section-height-min-height elementor-section-boxed elementor-section-height-default elementor-section-items-middle wpr-particle-no wpr-jarallax-no wpr-parallax-no wpr-sticky-section-no wpr-equal-height-no" data-id="i9lupce" data-element_type="section" data-e-type="section" data-settings="{&quot;background_background&quot;:&quot;classic&quot;}">
							<div class="elementor-background-overlay"></div>
							<div class="elementor-container elementor-column-gap-default">
					<div class="elementor-column elementor-col-100 elementor-top-column elementor-element elementor-element-6ed6cac" data-id="6ed6cac" data-element_type="column" data-e-type="column">
			<div class="elementor-widget-wrap elementor-element-populated">
						<div class="elementor-element elementor-element-285c924 elementor-widget elementor-widget-heading" data-id="285c924" data-element_type="widget" data-e-type="widget" data-widget_type="heading.default">
				<div class="elementor-widget-container">
					<h1 class="elementor-heading-title elementor-size-default">Le Tour de France
</h1>				</div>
				</div>
					</div>
		</div>
					</div>
		</section>
				<section class="elementor-section elementor-top-section elementor-element elementor-element-qh7fmgk elementor-section-height-min-height elementor-section-boxed elementor-section-height-default elementor-section-items-middle wpr-particle-no wpr-jarallax-no wpr-parallax-no wpr-sticky-section-no wpr-equal-height-no" data-id="qh7fmgk" data-element_type="section" data-e-type="section">
						<div class="elementor-container elementor-column-gap-default">
					<div class="elementor-column elementor-col-100 elementor-top-column elementor-element elementor-element-827726c" data-id="827726c" data-element_type="column" data-e-type="column">
			<div class="elementor-widget-wrap elementor-element-populated">
						<div class="elementor-element elementor-element-64c0bdc elementor-widget elementor-widget-heading" data-id="64c0bdc" data-element_type="widget" data-e-type="widget" data-widget_type="heading.default">
				<div class="elementor-widget-container">
					<h2 class="elementor-heading-title elementor-size-default">Le Tour de France dans les Pyrénées
</h2>				</div>
				</div>
				<div class="elementor-element elementor-element-62c257c elementor-widget elementor-widget-text-editor" data-id="62c257c" data-element_type="widget" data-e-type="widget" data-widget_type="text-editor.default">
				<div class="elementor-widget-container">
									<p>Le Tour de France est la course de vélo la plus célèbre, la plus difficile et la plus controversée au monde. Il se déroule sur 23 jours et couvre plus de 3 000 km. Chaque année, la course suit un parcours différent, mais l’arrivée se fait toujours à Paris avec un magnifique sprint sur les Champs-Élysées. Mais ce qui est vraiment génial, c’est que le Tour de France vient presque toujours près de notre coin de pays – en 2018, la spéciale des Pyrénées a débuté à Trie-sur-Baïse, à seulement 15 km, dont la population a augmenté de 1200 à 20 000 personnes pendant 24 heures – une atmosphère fabuleuse pour les amateurs de cyclisme du monde entier!</p>								</div>
				</div>
					</div>
		</div>
					</div>
		</section>
				<section class="elementor-section elementor-top-section elementor-element elementor-element-c6a1d50 elementor-section-boxed elementor-section-height-default elementor-section-height-default wpr-particle-no wpr-jarallax-no wpr-parallax-no wpr-sticky-section-no wpr-equal-height-no" data-id="c6a1d50" data-element_type="section" data-e-type="section">
						<div class="elementor-container elementor-column-gap-default">
					<div class="elementor-column elementor-col-50 elementor-top-column elementor-element elementor-element-46a1ba8" data-id="46a1ba8" data-element_type="column" data-e-type="column">
			<div class="elementor-widget-wrap elementor-element-populated">
						<div class="elementor-element elementor-element-5cd7dfd elementor-widget elementor-widget-text-editor" data-id="5cd7dfd" data-element_type="widget" data-e-type="widget" data-widget_type="text-editor.default">
				<div class="elementor-widget-container">
									<p>Bien que nommée Tour de France, la course s’aventure parfois dans d’autres pays tels que la Belgique, l’Italie et l’Espagne. Les années précédentes, des étapes avaient été organisées en Grande-Bretagne. Pour 2018 cependant, à l’exception d’une courte visite d’environ 15 kilomètres en Espagne lors de l’étape 16, le 105ème Tour de France n’a pas quitté les frontières de la France. Les cyclistes ont parcouru 36 départements (l’équivalent des comtés du Royaume-Uni).</p><p>Chaque jour de la course est appelé «étape» et les étapes peuvent durer jusqu’à six heures. À la fin de chaque journée, le coureur qui franchit la ligne d’arrivée en premier est le «vainqueur de l’étape» et monte sur le podium. Au total, il y a 21 étapes sur 23 jours, de sorte que les coureurs ne disposent que de deux jours de repos sur toute la course! Le coureur principal porte le maillot jaune.</p><p>Chaque année, un certain nombre d’étapes du Tour passent à moins d’une heure de route de Saint-Sever-des-Pyrénées: venez rester avec nous et obtenez votre dose annuel du Tour de France!</p>								</div>
				</div>
					</div>
		</div>
				<div class="elementor-column elementor-col-50 elementor-top-column elementor-element elementor-element-961231a" data-id="961231a" data-element_type="column" data-e-type="column">
			<div class="elementor-widget-wrap elementor-element-populated">
						<div class="elementor-element elementor-element-a5a9f4a elementor-widget elementor-widget-image" data-id="a5a9f4a" data-element_type="widget" data-e-type="widget" data-widget_type="image.default">
				<div class="elementor-widget-container">
															<img decoding="async" src="https://demo2.cloudwp.dev/trial-0tt28w63/wp-content/uploads/2022/11/Tour-de-France-14.jpg" title="" alt="" loading="lazy" />															</div>
				</div>
					</div>
		</div>
					</div>
		</section>
				</div>

<p>Le Tour de France Le Tour de France dans les Pyrénées Le Tour de France est la course de vélo la plus célèbre, la plus difficile et la plus controversée au monde. Il se déroule sur 23 jours et couvre plus de 3 000 km. Chaque année, la course suit un parcours différent, mais l’arrivée se fait toujours à Paris avec un magnifique sprint sur les Champs-Élysées. Mais ce qui est vraiment génial, c’est que le Tour de France vient presque toujours près de notre coin de pays – en 2018, la spéciale des Pyrénées a débuté à Trie-sur-Baïse, à seulement 15 km, dont la population a augmenté de 1200 à 20 000 personnes pendant 24 heures – une atmosphère fabuleuse pour les amateurs de cyclisme du monde entier! Bien que nommée Tour de France, la course s’aventure parfois dans d’autres pays tels que la Belgique, l’Italie et l’Espagne. Les années précédentes, des étapes avaient été organisées en Grande-Bretagne. Pour 2018 cependant, à l’exception d’une courte visite d’environ 15 kilomètres en Espagne lors de l’étape 16, le 105ème Tour de France n’a pas quitté les frontières de la France. Les cyclistes ont parcouru 36 départements (l’équivalent des comtés du Royaume-Uni). Chaque jour de la course est appelé «étape» et les étapes peuvent durer jusqu’à six heures. À la fin de chaque journée, le coureur qui franchit la ligne d’arrivée en premier est le «vainqueur de l’étape» et monte sur le podium. Au total, il y a 21 étapes sur 23 jours, de sorte que les coureurs ne disposent que de deux jours de repos sur toute la course! Le coureur principal porte le maillot jaune. Chaque année, un certain nombre d’étapes du Tour passent à moins d’une heure de route de Saint-Sever-des-Pyrénées: venez rester avec nous et obtenez votre dose annuel du Tour de France!</p>
