{"id":5246,"date":"2022-11-28T12:50:47","date_gmt":"2022-11-28T12:50:47","guid":{"rendered":"https:\/\/demo2.cloudwp.dev\/trial-0tt28w63\/?page_id=5246"},"modified":"2022-12-03T05:28:37","modified_gmt":"2022-12-03T05:28:37","slug":"new-fr-rooms","status":"publish","type":"page","link":"https:\/\/saintseverdespyrenees.com\/?page_id=5246","title":{"rendered":"(new) (FR) Rooms"},"content":{"rendered":"\t\t<div data-elementor-type=\"wp-page\" data-elementor-id=\"5246\" class=\"elementor elementor-5246\">\n\t\t\t\t\t\t<section class=\"elementor-section elementor-top-section elementor-element elementor-element-i9lupce elementor-section-content-middle elementor-section-height-min-height elementor-section-boxed elementor-section-height-default elementor-section-items-middle wpr-particle-no wpr-jarallax-no wpr-parallax-no wpr-sticky-section-no wpr-equal-height-no\" data-id=\"i9lupce\" data-element_type=\"section\" data-e-type=\"section\" data-settings=\"{&quot;background_background&quot;:&quot;classic&quot;}\">\n\t\t\t\t\t\t\t<div class=\"elementor-background-overlay\"><\/div>\n\t\t\t\t\t\t\t<div class=\"elementor-container elementor-column-gap-default\">\n\t\t\t\t\t<div class=\"elementor-column elementor-col-100 elementor-top-column elementor-element elementor-element-6ed6cac\" data-id=\"6ed6cac\" data-element_type=\"column\" data-e-type=\"column\">\n\t\t\t<div class=\"elementor-widget-wrap elementor-element-populated\">\n\t\t\t\t\t\t<div class=\"elementor-element elementor-element-285c924 elementor-widget elementor-widget-heading\" data-id=\"285c924\" data-element_type=\"widget\" data-e-type=\"widget\" data-widget_type=\"heading.default\">\n\t\t\t\t<div class=\"elementor-widget-container\">\n\t\t\t\t\t<h1 class=\"elementor-heading-title elementor-size-default\">Nos Chambres\n<\/h1>\t\t\t\t<\/div>\n\t\t\t\t<\/div>\n\t\t\t\t\t<\/div>\n\t\t<\/div>\n\t\t\t\t\t<\/div>\n\t\t<\/section>\n\t\t\t\t<section class=\"elementor-section elementor-top-section elementor-element elementor-element-30155e0 elementor-section-boxed elementor-section-height-default elementor-section-height-default wpr-particle-no wpr-jarallax-no wpr-parallax-no wpr-sticky-section-no wpr-equal-height-no\" data-id=\"30155e0\" data-element_type=\"section\" data-e-type=\"section\">\n\t\t\t\t\t\t<div class=\"elementor-container elementor-column-gap-default\">\n\t\t\t\t\t<div class=\"elementor-column elementor-col-100 elementor-top-column elementor-element elementor-element-5c83b81\" data-id=\"5c83b81\" data-element_type=\"column\" data-e-type=\"column\">\n\t\t\t<div class=\"elementor-widget-wrap elementor-element-populated\">\n\t\t\t\t\t\t<section class=\"elementor-section elementor-inner-section elementor-element elementor-element-67e73b7 elementor-section-boxed elementor-section-height-default elementor-section-height-default wpr-particle-no wpr-jarallax-no wpr-parallax-no wpr-sticky-section-no wpr-equal-height-no\" data-id=\"67e73b7\" data-element_type=\"section\" data-e-type=\"section\">\n\t\t\t\t\t\t<div class=\"elementor-container elementor-column-gap-default\">\n\t\t\t\t\t<div class=\"elementor-column elementor-col-50 elementor-inner-column elementor-element elementor-element-6a89773\" data-id=\"6a89773\" data-element_type=\"column\" data-e-type=\"column\">\n\t\t\t<div class=\"elementor-widget-wrap elementor-element-populated\">\n\t\t\t\t\t\t<div class=\"elementor-element elementor-element-aafe474 eael-infobox-content-align--left eael-infobox-shape-radius eael-infobox-hover-img-shape-square elementor-widget elementor-widget-eael-info-box\" data-id=\"aafe474\" data-element_type=\"widget\" data-e-type=\"widget\" data-widget_type=\"eael-info-box.default\">\n\t\t\t\t<div class=\"elementor-widget-container\">\n\t\t\t\t\t        <div class=\"eael-infobox icon-on-top\">\n\t            <div class=\"infobox-icon\">\n\n                            <img decoding=\"async\" src=\"https:\/\/saintseverdespyrenees.com\/wp-content\/uploads\/elementor\/thumbs\/tournesol2-scaled-pyls6b57zqhwuet74nq16dn1dt6bobaw66tj871x9c.jpg\" alt=\"\">\n            \n            \n            \n        <\/div>\n            <div class=\"infobox-content\">\n                    <div class=\"infobox-title-section\">\n                <h2 class=\"title\">Le Tournesol<\/h2>            <\/div>\n            <div><p>Le Tournesol Chambre double avec douche \u00e0 effet pluie et toilettes priv\u00e9es avec vue sur la campagne \u2013 \u00e0 partir de 80\u20ac la nuit. Salle de bain attenante Vues sur la campagne Wifi gratuit S\u00e8che-cheveux Douche Lavabo Serviettes (sauf serviettes de piscine, qui peuvent \u00eatre fournies \u00e0 5\u20ac par personne par s\u00e9jour) Literie Articles de [\u2026]<\/p><\/div>        <div class=\"infobox-button\">\n            <a class=\"eael-infobox-button\" href=\"https:\/\/saintseverdespyrenees.com\/?page_id=5191&#038;lang=fr\">\n                                                <span class=\"infobox-button-text\">Voir la chambre<\/span>\n                            <\/a>\n        <\/div>\n            <\/div>\n            <\/div>\n\n\t\t\t\t\t\t<\/div>\n\t\t\t\t<\/div>\n\t\t\t\t<div class=\"elementor-element elementor-element-9ec42eb eael-infobox-content-align--left eael-infobox-shape-radius eael-infobox-hover-img-shape-square elementor-widget elementor-widget-eael-info-box\" data-id=\"9ec42eb\" data-element_type=\"widget\" data-e-type=\"widget\" data-widget_type=\"eael-info-box.default\">\n\t\t\t\t<div class=\"elementor-widget-container\">\n\t\t\t\t\t        <div class=\"eael-infobox icon-on-top\">\n\t            <div class=\"infobox-icon\">\n\n                            <img decoding=\"async\" src=\"https:\/\/saintseverdespyrenees.com\/wp-content\/uploads\/elementor\/thumbs\/La-Mongie-single-beds3-copy-pylsatrau2oimy8zr40hnqls5gwtny8ggjoj92ctcw.jpeg\" alt=\"\">\n            \n            \n            \n        <\/div>\n            <div class=\"infobox-content\">\n                    <div class=\"infobox-title-section\">\n                <h2 class=\"title\">La Mongie<\/h2>            <\/div>\n            <div><p>La Mongie Grande chambre, lit double ou lits jumeaux, ensoleill\u00e9e avec vue sur le jardin et la piscine et face aux Pyr\u00e9n\u00e9es \u2013 \u00e0 partir de 80\u20ac la nuit. Salle de bain attenante Vues sur les jardins et la piscine Wifi gratuit S\u00e8che-cheveux Douche Lavabo Serviettes (sauf serviettes de piscine, qui peuvent \u00eatre fournies \u00e0 [\u2026]<\/p><\/div>        <div class=\"infobox-button\">\n            <a class=\"eael-infobox-button\" href=\"https:\/\/saintseverdespyrenees.com\/?page_id=5179&#038;lang=fr\">\n                                                <span class=\"infobox-button-text\">Voir la chambre<\/span>\n                            <\/a>\n        <\/div>\n            <\/div>\n            <\/div>\n\n\t\t\t\t\t\t<\/div>\n\t\t\t\t<\/div>\n\t\t\t\t\t<\/div>\n\t\t<\/div>\n\t\t\t\t<div class=\"elementor-column elementor-col-50 elementor-inner-column elementor-element elementor-element-98db375\" data-id=\"98db375\" data-element_type=\"column\" data-e-type=\"column\">\n\t\t\t<div class=\"elementor-widget-wrap elementor-element-populated\">\n\t\t\t\t\t\t<div class=\"elementor-element elementor-element-9288352 eael-infobox-content-align--left eael-infobox-shape-radius eael-infobox-hover-img-shape-square elementor-widget elementor-widget-eael-info-box\" data-id=\"9288352\" data-element_type=\"widget\" data-e-type=\"widget\" data-widget_type=\"eael-info-box.default\">\n\t\t\t\t<div class=\"elementor-widget-container\">\n\t\t\t\t\t        <div class=\"eael-infobox icon-on-top\">\n\t            <div class=\"infobox-icon\">\n\n                            <img decoding=\"async\" src=\"https:\/\/saintseverdespyrenees.com\/wp-content\/uploads\/elementor\/thumbs\/LAbbaye-scaled-pyls74a7vllsubmveibgtoabsr6paxikm71l3rupwg.jpg\" alt=\"\">\n            \n            \n            \n        <\/div>\n            <div class=\"infobox-content\">\n                    <div class=\"infobox-title-section\">\n                <h2 class=\"title\">L'Abbaye<\/h2>            <\/div>\n            <div><p>L\u2019Abbaye Grande chambre, lit double, salle de bain attenante, ensoleill\u00e9e avec vue sur la campagne \u2013 \u00e0 partir de 80\u20ac la nuit. Salle de bain attenante Vues sur la campagne Wifi gratuit S\u00e8che-cheveux Douche Lavabo Serviettes (sauf serviettes de piscine, qui peuvent \u00eatre fournies \u00e0 5\u20ac par personne par s\u00e9jour) Literie Articles de toilette \u2013 [\u2026]<\/p><\/div>        <div class=\"infobox-button\">\n            <a class=\"eael-infobox-button\" href=\"https:\/\/saintseverdespyrenees.com\/?page_id=4999&#038;lang=fr\">\n                                                <span class=\"infobox-button-text\">Voir la chambre<\/span>\n                            <\/a>\n        <\/div>\n            <\/div>\n            <\/div>\n\n\t\t\t\t\t\t<\/div>\n\t\t\t\t<\/div>\n\t\t\t\t<div class=\"elementor-element elementor-element-e51575d eael-infobox-content-align--left eael-infobox-shape-radius eael-infobox-hover-img-shape-square elementor-widget elementor-widget-eael-info-box\" data-id=\"e51575d\" data-element_type=\"widget\" data-e-type=\"widget\" data-widget_type=\"eael-info-box.default\">\n\t\t\t\t<div class=\"elementor-widget-container\">\n\t\t\t\t\t        <div class=\"eael-infobox icon-on-top\">\n\t            <div class=\"infobox-icon\">\n\n                            <img decoding=\"async\" src=\"https:\/\/saintseverdespyrenees.com\/wp-content\/uploads\/elementor\/thumbs\/Terrace-bedroom-updated1small-scaled-1-pylsbvcufg3zjcqdnk9kfh47wvri7udpxpryg4t2g0.jpg\" alt=\"\">\n            \n            \n            \n        <\/div>\n            <div class=\"infobox-content\">\n                    <div class=\"infobox-title-section\">\n                <h2 class=\"title\">La Terrasse du Jardin<\/h2>            <\/div>\n            <div><p>La Terrasse du Jardin Grande chambre double de luxe ensoleill\u00e9e avec salle de bains attenante comprenant une baignoire \/ une douche \u00e0 effet pluie, une grande terrasse priv\u00e9e donnant sur le jardin et un deuxi\u00e8me balcon, avec 2 portes doubles \u2013 \u00e0 partir de 100\u20ac la nuit. Salle de bain Bain et douche \u00e0 effet [\u2026]<\/p><\/div>        <div class=\"infobox-button\">\n            <a class=\"eael-infobox-button\" href=\"https:\/\/saintseverdespyrenees.com\/?page_id=5199&#038;lang=fr\">\n                                                <span class=\"infobox-button-text\">Voir la chambre<\/span>\n                            <\/a>\n        <\/div>\n            <\/div>\n            <\/div>\n\n\t\t\t\t\t\t<\/div>\n\t\t\t\t<\/div>\n\t\t\t\t\t<\/div>\n\t\t<\/div>\n\t\t\t\t\t<\/div>\n\t\t<\/section>\n\t\t\t\t\t<\/div>\n\t\t<\/div>\n\t\t\t\t\t<\/div>\n\t\t<\/section>\n\t\t\t\t<\/div>\n\t\t","protected":false},"excerpt":{"rendered":"<p>Nos Chambres Le Tournesol Le Tournesol Chambre double avec douche \u00e0 effet pluie et toilettes priv\u00e9es avec vue sur la campagne \u2013 \u00e0 partir de 80\u20ac la nuit. Salle de bain attenante Vues sur la campagne Wifi gratuit S\u00e8che-cheveux Douche Lavabo Serviettes (sauf serviettes de piscine, qui peuvent \u00eatre fournies \u00e0 5\u20ac par personne par s\u00e9jour) Literie Articles de [\u2026] Voir la chambre La Mongie La Mongie Grande chambre, lit double ou lits jumeaux, ensoleill\u00e9e avec vue sur le jardin et la piscine et face aux Pyr\u00e9n\u00e9es \u2013 \u00e0 partir de 80\u20ac la nuit. Salle de bain attenante Vues sur les jardins et la piscine Wifi gratuit S\u00e8che-cheveux Douche Lavabo Serviettes (sauf serviettes de piscine, qui peuvent \u00eatre fournies \u00e0 [\u2026] Voir la chambre L&#8217;Abbaye L\u2019Abbaye Grande chambre, lit double, salle de bain attenante, ensoleill\u00e9e avec vue sur la campagne \u2013 \u00e0 partir de 80\u20ac la nuit. Salle de bain attenante Vues sur la campagne Wifi gratuit S\u00e8che-cheveux Douche Lavabo Serviettes (sauf serviettes de piscine, qui peuvent \u00eatre fournies \u00e0 5\u20ac par personne par s\u00e9jour) Literie Articles de toilette \u2013 [\u2026] Voir la chambre La Terrasse du Jardin La Terrasse du Jardin Grande chambre double de luxe ensoleill\u00e9e avec salle de bains attenante comprenant une baignoire \/ une douche \u00e0 effet pluie, une grande terrasse priv\u00e9e donnant sur le jardin et un deuxi\u00e8me balcon, avec 2 portes doubles \u2013 \u00e0 partir de 100\u20ac la nuit. Salle de bain Bain et douche \u00e0 effet [\u2026] Voir la chambre<\/p>\n","protected":false},"author":1,"featured_media":0,"parent":0,"menu_order":0,"comment_status":"closed","ping_status":"closed","template":"","meta":{"footnotes":""},"class_list":["post-5246","page","type-page","status-publish","hentry"],"_links":{"self":[{"href":"https:\/\/saintseverdespyrenees.com\/index.php?rest_route=\/wp\/v2\/pages\/5246","targetHints":{"allow":["GET"]}}],"collection":[{"href":"https:\/\/saintseverdespyrenees.com\/index.php?rest_route=\/wp\/v2\/pages"}],"about":[{"href":"https:\/\/saintseverdespyrenees.com\/index.php?rest_route=\/wp\/v2\/types\/page"}],"author":[{"embeddable":true,"href":"https:\/\/saintseverdespyrenees.com\/index.php?rest_route=\/wp\/v2\/users\/1"}],"replies":[{"embeddable":true,"href":"https:\/\/saintseverdespyrenees.com\/index.php?rest_route=%2Fwp%2Fv2%2Fcomments&post=5246"}],"version-history":[{"count":11,"href":"https:\/\/saintseverdespyrenees.com\/index.php?rest_route=\/wp\/v2\/pages\/5246\/revisions"}],"predecessor-version":[{"id":5564,"href":"https:\/\/saintseverdespyrenees.com\/index.php?rest_route=\/wp\/v2\/pages\/5246\/revisions\/5564"}],"wp:attachment":[{"href":"https:\/\/saintseverdespyrenees.com\/index.php?rest_route=%2Fwp%2Fv2%2Fmedia&parent=5246"}],"curies":[{"name":"wp","href":"https:\/\/api.w.org\/{rel}","templated":true}]}}