{"id":5261,"date":"2022-11-28T13:06:35","date_gmt":"2022-11-28T13:06:35","guid":{"rendered":"https:\/\/demo2.cloudwp.dev\/trial-0tt28w63\/?page_id=5261"},"modified":"2022-12-03T05:19:14","modified_gmt":"2022-12-03T05:19:14","slug":"new-fr-the-festivals","status":"publish","type":"page","link":"https:\/\/saintseverdespyrenees.com\/?page_id=5261","title":{"rendered":"(new) (FR) The Festivals"},"content":{"rendered":"\t\t<div data-elementor-type=\"wp-page\" data-elementor-id=\"5261\" class=\"elementor elementor-5261\">\n\t\t\t\t\t\t<section class=\"elementor-section elementor-top-section elementor-element elementor-element-i9lupce elementor-section-content-middle elementor-section-height-min-height elementor-section-boxed elementor-section-height-default elementor-section-items-middle wpr-particle-no wpr-jarallax-no wpr-parallax-no wpr-sticky-section-no wpr-column-slider-no wpr-equal-height-no\" data-id=\"i9lupce\" data-element_type=\"section\" data-e-type=\"section\" data-settings=\"{&quot;background_background&quot;:&quot;classic&quot;}\">\n\t\t\t\t\t\t\t<div class=\"elementor-background-overlay\"><\/div>\n\t\t\t\t\t\t\t<div class=\"elementor-container elementor-column-gap-default\">\n\t\t\t\t\t<div class=\"elementor-column elementor-col-100 elementor-top-column elementor-element elementor-element-6ed6cac\" data-id=\"6ed6cac\" data-element_type=\"column\" data-e-type=\"column\">\n\t\t\t<div class=\"elementor-widget-wrap elementor-element-populated\">\n\t\t\t\t\t\t<div class=\"elementor-element elementor-element-285c924 elementor-widget elementor-widget-heading\" data-id=\"285c924\" data-element_type=\"widget\" data-e-type=\"widget\" data-widget_type=\"heading.default\">\n\t\t\t\t<div class=\"elementor-widget-container\">\n\t\t\t\t\t<h1 class=\"elementor-heading-title elementor-size-default\">Les Festivals\n<\/h1>\t\t\t\t<\/div>\n\t\t\t\t<\/div>\n\t\t\t\t\t<\/div>\n\t\t<\/div>\n\t\t\t\t\t<\/div>\n\t\t<\/section>\n\t\t\t\t<section class=\"elementor-section elementor-top-section elementor-element elementor-element-e7ef779 elementor-section-boxed elementor-section-height-default elementor-section-height-default wpr-particle-no wpr-jarallax-no wpr-parallax-no wpr-sticky-section-no wpr-column-slider-no wpr-equal-height-no\" data-id=\"e7ef779\" data-element_type=\"section\" data-e-type=\"section\">\n\t\t\t\t\t\t<div class=\"elementor-container elementor-column-gap-default\">\n\t\t\t\t\t<div class=\"elementor-column elementor-col-100 elementor-top-column elementor-element elementor-element-1a7aaed\" data-id=\"1a7aaed\" data-element_type=\"column\" data-e-type=\"column\">\n\t\t\t<div class=\"elementor-widget-wrap elementor-element-populated\">\n\t\t\t\t\t\t<section class=\"elementor-section elementor-inner-section elementor-element elementor-element-62e8a12 elementor-section-boxed elementor-section-height-default elementor-section-height-default wpr-particle-no wpr-jarallax-no wpr-parallax-no wpr-sticky-section-no wpr-column-slider-no wpr-equal-height-no\" data-id=\"62e8a12\" data-element_type=\"section\" data-e-type=\"section\">\n\t\t\t\t\t\t<div class=\"elementor-container elementor-column-gap-default\">\n\t\t\t\t\t<div class=\"elementor-column elementor-col-33 elementor-inner-column elementor-element elementor-element-8fcbb14\" data-id=\"8fcbb14\" data-element_type=\"column\" data-e-type=\"column\">\n\t\t\t<div class=\"elementor-widget-wrap elementor-element-populated\">\n\t\t\t\t\t\t<div class=\"elementor-element elementor-element-a702729 eael-infobox-content-align--left eael-infobox-shape-radius eael-infobox-hover-img-shape-square elementor-widget elementor-widget-eael-info-box\" data-id=\"a702729\" data-element_type=\"widget\" data-e-type=\"widget\" data-widget_type=\"eael-info-box.default\">\n\t\t\t\t<div class=\"elementor-widget-container\">\n\t\t\t\t\t        <div class=\"eael-infobox icon-on-top\">\n\t            <div class=\"infobox-icon\">\n\n                            <img decoding=\"async\" src=\"https:\/\/saintseverdespyrenees.com\/wp-content\/uploads\/elementor\/thumbs\/jazz_in_marciac12-1600x533-1-pylrxm4yrwlfg9fuwef9m2mjki13h3s9z5kuf1y0tc.jpg\" alt=\"\">\n            \n            \n            \n        <\/div>\n            <div class=\"infobox-content\">\n                    <div class=\"infobox-title-section\">\n                <h2 class=\"title\">Jazz in Marciac<\/h2>            <\/div>\n            <div><p>Jazz in Marciac Jazz in Marciac est un festival de jazz de renomm\u00e9e internationale qui se d\u00e9roule sur une p\u00e9riode de trois semaines, g\u00e9n\u00e9ralement de la fin juillet \u00e0 la mi-ao\u00fbt, dans la ville de Marciac. Jazz In Marciac a \u00e9t\u00e9 cr\u00e9\u00e9 en 1978 \u00e0 l\u2019initiative d\u2019une poign\u00e9e de fans, \u00e0 la suite d\u2019un concert [\u2026]<\/p><\/div>        <div class=\"infobox-button\">\n            <a class=\"eael-infobox-button\" href=\"https:\/\/saintseverdespyrenees.com\/?page_id=5060&#038;lang=fr\">\n                                                <span class=\"infobox-button-text\">En Savoir Plus<\/span>\n                            <\/a>\n        <\/div>\n            <\/div>\n            <\/div>\n\n\t\t\t\t\t\t<\/div>\n\t\t\t\t<\/div>\n\t\t\t\t\t<\/div>\n\t\t<\/div>\n\t\t\t\t<div class=\"elementor-column elementor-col-33 elementor-inner-column elementor-element elementor-element-cb96151\" data-id=\"cb96151\" data-element_type=\"column\" data-e-type=\"column\">\n\t\t\t<div class=\"elementor-widget-wrap elementor-element-populated\">\n\t\t\t\t\t\t<div class=\"elementor-element elementor-element-367a963 eael-infobox-content-align--left eael-infobox-shape-radius eael-infobox-hover-img-shape-square elementor-widget elementor-widget-eael-info-box\" data-id=\"367a963\" data-element_type=\"widget\" data-e-type=\"widget\" data-widget_type=\"eael-info-box.default\">\n\t\t\t\t<div class=\"elementor-widget-container\">\n\t\t\t\t\t        <div class=\"eael-infobox icon-on-top\">\n\t            <div class=\"infobox-icon\">\n\n                            <img decoding=\"async\" src=\"https:\/\/saintseverdespyrenees.com\/wp-content\/uploads\/elementor\/thumbs\/tarbes-en-tango-1600-1600x533-1-pylrz6ja5yqmsv5xr2svroe77mb4ay066wpz7nmeg0.jpg\" alt=\"\">\n            \n            \n            \n        <\/div>\n            <div class=\"infobox-content\">\n                    <div class=\"infobox-title-section\">\n                <h2 class=\"title\">Tarbes en Tango<\/h2>            <\/div>\n            <div><p>Organis\u00e9 depuis 1998 par la mairie de Tarbes, l\u2019Office de tourisme de Tarbes et l\u2019association Tangueando Ibos, le Tarbes en Tango est aujourd\u2019hui l\u2019un des plus grands festivals de tango au monde. Pendant 9 jours en ao\u00fbt, le festival Tarbes en Tango r\u00e9unit les grands ma\u00eetres du tango argentin, des danseurs et des musiciens, des [\u2026]<\/p><\/div>        <div class=\"infobox-button\">\n            <a class=\"eael-infobox-button\" href=\"https:\/\/saintseverdespyrenees.com\/?page_id=5091&#038;lang=fr\">\n                                                <span class=\"infobox-button-text\">En Savoir Plus<\/span>\n                            <\/a>\n        <\/div>\n            <\/div>\n            <\/div>\n\n\t\t\t\t\t\t<\/div>\n\t\t\t\t<\/div>\n\t\t\t\t\t<\/div>\n\t\t<\/div>\n\t\t\t\t<div class=\"elementor-column elementor-col-33 elementor-inner-column elementor-element elementor-element-90c9c1c\" data-id=\"90c9c1c\" data-element_type=\"column\" data-e-type=\"column\">\n\t\t\t<div class=\"elementor-widget-wrap elementor-element-populated\">\n\t\t\t\t\t\t<div class=\"elementor-element elementor-element-4663da4 eael-infobox-content-align--left eael-infobox-shape-radius eael-infobox-hover-img-shape-square elementor-widget elementor-widget-eael-info-box\" data-id=\"4663da4\" data-element_type=\"widget\" data-e-type=\"widget\" data-widget_type=\"eael-info-box.default\">\n\t\t\t\t<div class=\"elementor-widget-container\">\n\t\t\t\t\t        <div class=\"eael-infobox icon-on-top\">\n\t            <div class=\"infobox-icon\">\n\n                            <img decoding=\"async\" src=\"https:\/\/saintseverdespyrenees.com\/wp-content\/uploads\/elementor\/thumbs\/country-mirande1600-1600x533-1-pyls01jyfhx3fzwvpy7kjyketc28cyfbb6901sceqo.jpg\" alt=\"\">\n            \n            \n            \n        <\/div>\n            <div class=\"infobox-content\">\n                    <div class=\"infobox-title-section\">\n                <h2 class=\"title\">Country \u00e0 Mirande<\/h2>            <\/div>\n            <div><p>Country \u00e0 Mirande Celui-ci est pour les amateurs de tout am\u00e9ricain, pays et occidental! Le festival de Country \u00e0 Mirande commence le vendredi matin et se termine le dimanche. \u00ab\u00a0Country In Mirande\u00a0\u00bb fait revivre le concept d\u2019un festival populaire, centr\u00e9 sur la musique country, renfor\u00e7ant Mirande en tant que capitale de la musique country du [\u2026]<\/p><\/div>        <div class=\"infobox-button\">\n            <a class=\"eael-infobox-button\" href=\"https:\/\/saintseverdespyrenees.com\/?page_id=5044&#038;lang=fr\">\n                                                <span class=\"infobox-button-text\">En Savoir Plus<\/span>\n                            <\/a>\n        <\/div>\n            <\/div>\n            <\/div>\n\n\t\t\t\t\t\t<\/div>\n\t\t\t\t<\/div>\n\t\t\t\t\t<\/div>\n\t\t<\/div>\n\t\t\t\t\t<\/div>\n\t\t<\/section>\n\t\t\t\t\t<\/div>\n\t\t<\/div>\n\t\t\t\t\t<\/div>\n\t\t<\/section>\n\t\t\t\t<\/div>\n\t\t","protected":false},"excerpt":{"rendered":"<p>Les Festivals Jazz in Marciac Jazz in Marciac Jazz in Marciac est un festival de jazz de renomm\u00e9e internationale qui se d\u00e9roule sur une p\u00e9riode de trois semaines, g\u00e9n\u00e9ralement de la fin juillet \u00e0 la mi-ao\u00fbt, dans la ville de Marciac. Jazz In Marciac a \u00e9t\u00e9 cr\u00e9\u00e9 en 1978 \u00e0 l\u2019initiative d\u2019une poign\u00e9e de fans, \u00e0 la suite d\u2019un concert [\u2026] En Savoir Plus Tarbes en Tango Organis\u00e9 depuis 1998 par la mairie de Tarbes, l\u2019Office de tourisme de Tarbes et l\u2019association Tangueando Ibos, le Tarbes en Tango est aujourd\u2019hui l\u2019un des plus grands festivals de tango au monde. Pendant 9 jours en ao\u00fbt, le festival Tarbes en Tango r\u00e9unit les grands ma\u00eetres du tango argentin, des danseurs et des musiciens, des [\u2026] En Savoir Plus Country \u00e0 Mirande Country \u00e0 Mirande Celui-ci est pour les amateurs de tout am\u00e9ricain, pays et occidental! Le festival de Country \u00e0 Mirande commence le vendredi matin et se termine le dimanche. \u00ab\u00a0Country In Mirande\u00a0\u00bb fait revivre le concept d\u2019un festival populaire, centr\u00e9 sur la musique country, renfor\u00e7ant Mirande en tant que capitale de la musique country du [\u2026] En Savoir Plus<\/p>\n","protected":false},"author":1,"featured_media":0,"parent":0,"menu_order":0,"comment_status":"closed","ping_status":"closed","template":"","meta":{"footnotes":""},"class_list":["post-5261","page","type-page","status-publish","hentry"],"_links":{"self":[{"href":"https:\/\/saintseverdespyrenees.com\/index.php?rest_route=\/wp\/v2\/pages\/5261","targetHints":{"allow":["GET"]}}],"collection":[{"href":"https:\/\/saintseverdespyrenees.com\/index.php?rest_route=\/wp\/v2\/pages"}],"about":[{"href":"https:\/\/saintseverdespyrenees.com\/index.php?rest_route=\/wp\/v2\/types\/page"}],"author":[{"embeddable":true,"href":"https:\/\/saintseverdespyrenees.com\/index.php?rest_route=\/wp\/v2\/users\/1"}],"replies":[{"embeddable":true,"href":"https:\/\/saintseverdespyrenees.com\/index.php?rest_route=%2Fwp%2Fv2%2Fcomments&post=5261"}],"version-history":[{"count":5,"href":"https:\/\/saintseverdespyrenees.com\/index.php?rest_route=\/wp\/v2\/pages\/5261\/revisions"}],"predecessor-version":[{"id":5550,"href":"https:\/\/saintseverdespyrenees.com\/index.php?rest_route=\/wp\/v2\/pages\/5261\/revisions\/5550"}],"wp:attachment":[{"href":"https:\/\/saintseverdespyrenees.com\/index.php?rest_route=%2Fwp%2Fv2%2Fmedia&parent=5261"}],"curies":[{"name":"wp","href":"https:\/\/api.w.org\/{rel}","templated":true}]}}